prime number?
False
Let x(f) = 4*f**2 + 3*f - 3. Let d(g) = 2*g - 8. Let b be d(6). Suppose -b*s + 14 = 3*u, 2*s = -4*u + 2*u + 8. Is x(s) a composite number?
False
Let f be (-2)/(-4) - (-5)/(-2). Is 1925/15 + f/(-3) prime?
False
Suppose 0 = -8*y + 11*y - 2031. Is y a composite number?
False
Suppose m - 150 + 9 = 0. Is m a composite number?
True
Suppose 2*c = -6, 2*d - 3*c + c = 10. Suppose -7*z + 180 = -d*z. Suppose 5*g - 229 = z. Is g prime?
True
Let w = -92 - -216. Is (1/2)/(2/w) a composite number?
False
Is -11 + 6 + 1661 + 1 composite?
False
Let j be (6/7)/(2/(-14)). Let c = 10 + j. Suppose c*s - 30 = 74. Is s prime?
False
Let x(d) = -d**3 - 5*d**2 + 4*d + 1. Let l be x(-6). Let q = l + 63. Suppose 4*t - 5*m = -0*m + 74, -4*m - q = -4*t. Is t a composite number?
True
Let g(v) = 35*v**3 - v**2 + 1. Let i be g(1). Is (-3)/6*-4 + i a prime number?
True
Let a = -2 - -2. Suppose 4*y = -a*y, -j = y - 38. Is j a composite number?
True
Let h = 98 - 64. Suppose -2*w = -3*w + h. Is w composite?
True
Let q = 20 + -7. Let s = 46 - q. Is s a composite number?
True
Let n = -163 - -908. Is n prime?
False
Suppose -2*c + 4*c - 26 = 3*d, 0 = -5*c - 3*d + 107. Is c composite?
False
Suppose 2 = 2*j - j. Let g = 82 - 55. Suppose -4*o + j*c + 34 = 0, -5*c - g = -5*o + 13. Is o a prime number?
False
Suppose z - 572 = 5*z. Let f = -76 - z. Is f composite?
False
Let h be 1 + (-1 - (-30 + 2)). Suppose -64 = 4*l - 2*w, -5 = -l + 4*w - h. Let k = 7 - l. Is k prime?
False
Let u be (-2 - -18 - -2) + 3. Is (4 - 4) + u + -2 a prime number?
True
Suppose 2*y = -2, v + 0*y = 5*y + 9. Let i(t) = -2*t + 3. Let j be i(v). Is (0 + 1)/(j/(-45)) a prime number?
False
Let d(h) = -h + 13. Let l be d(10). Suppose -2*f - l*f = -170. Suppose -f = -5*s + 71. Is s a composite number?
True
Let h = 18 + -15. Suppose h*t = 8*t - 4445. Is t prime?
False
Suppose 5*x + 0*x = 1055. Is x a composite number?
False
Suppose 0*z - 24 = -4*z. Suppose -189 = -5*d + b, 4*b = 3*d - z*d + 95. Is d composite?
False
Suppose 5 = -2*m + 23. Suppose -2*q + 4*u + 60 = 0, 6*q - q - u = 114. Let k = q - m. Is k composite?
False
Let r(m) = m**2 + 2*m + 4. Let a be r(-3). Let g(y) = 2*y + 1 - 34*y - a*y. Is g(-4) prime?
True
Suppose 2*r + r - 117 = 0. Let g = r + 0. Is g a composite number?
True
Let h = 2 - 0. Let q(o) = -h - o - 3 + 6*o. Is q(6) composite?
True
Let w be 2*(-382)/4*-2. Is (w*1)/(-3 + 5) prime?
True
Let z = 45 + -15. Let x = z + -4. Suppose 4*l - 174 + x = 0. Is l a prime number?
True
Suppose 15 = 3*o, 4*o + 52 = l + o. Let i = 134 - l. Is i a composite number?
False
Suppose -2*l + 8 = -4. Is ((-376)/12)/((-4)/l) composite?
False
Suppose c - 15 = 4*c. Let m(p) = -71*p + 10. Is m(c) composite?
True
Let k = -106 + 211. Suppose -2*i + k = -13. Is i a prime number?
True
Suppose 0 = -0*l - 2*l - 5*m + 3, m = -5*l + 19. Is 34*l - (1 + 1) composite?
True
Let v(b) = b**3 + 8*b**2 - b + 1. Let m be v(-8). Let r = -18 + m. Is 64/6 + (-3)/r a prime number?
True
Suppose -3*h + 5*s + 22 = -5, -9 = -3*h - s. Suppose -2*w + 29 = g, h*w - 49 = 2*g - g. Is w composite?
False
Let l be (-10)/(-6)*(-6 + 9). Suppose -l*j - f = -33, f = 2*j - 13 - 3. Is j prime?
True
Let j(z) = z**3 - 5*z**2 - 6*z + 2. Let a be j(6). Is (-1 + a)/(5/1655) prime?
True
Is -4 + (-3 + 35783)/4 a prime number?
True
Let p(n) = n**3 - 2*n**2 + 5*n - 3. Is p(3) a composite number?
True
Let p(w) = w**3 - 8*w**2 - 2. Let f be p(8). Let r(z) = -6*z**3 + 4*z**2 + 3*z + 1. Let k be r(f). Is (2 - (-3)/(-3))*k a composite number?
False
Let c(y) = 25*y**2 - 2*y + 1. Let j be c(1). Let w be 4*6*3/j. Suppose 2*t - 95 = -w*t. Is t composite?
False
Let r = -484 - -1025. Is r a composite number?
False
Suppose -5*y + 662 = -3*y. Is y a composite number?
False
Let k be (-48)/(-21) - 4/14. Let f be ((-1)/2)/(6/48). Is k/f - (-46)/4 a composite number?
False
Let r = -605 + 1282. Is r a composite number?
False
Let a(l) = -69*l + 3. Let d be a(-3). Suppose -x + 47 = -3*h, -4*h - 25 = -5*x + d. Is x composite?
False
Suppose -2*h + 4*n - 6 = 2, 0 = 3*h - 3*n + 3. Suppose 0 = 5*d - h - 23, -5*r + 4*d + 325 = 0. Is r composite?
True
Suppose l - 4*q - 155 = 0, 8*l - 5*q - 576 = 4*l. Is l a composite number?
False
Let u(p) = 2*p**2 - 4*p + 3. Let s be u(2). Suppose 3*b + 1260 = 5*f - s*f, -5*f = -3*b - 3159. Is f a composite number?
True
Suppose -2*o + 2*t = -3*o + 423, 3*t = 6. Is o composite?
False
Let b(x) = -x**3 - 6*x**2 - 3*x - 8. Let q = 16 - 23. Let h be b(q). Let t = h + -11. Is t prime?
False
Suppose 0 = -2*h + 352 + 434. Is h prime?
False
Suppose -x = 0, 0*j - 4*x = -3*j - 12. Is 66/j*8/(-6) a composite number?
True
Let o(k) = 4*k**2 + 3. Let n be 2*(-3)/(-6)*26. Suppose n = -2*u - 4*d, 3*u + 3*d + 27 = -u. Is o(u) prime?
False
Suppose 3*w = -4*c + 8, -4*w + 12 = 3*c + c. Let j = 8 - w. Suppose -j*a + a + 6 = 0. Is a prime?
True
Suppose -3 + 6 = 3*o. Let j = 4 - o. Suppose j*f + f - 124 = 0. Is f composite?
False
Let d be -20*1*7/(-2). Suppose d = -4*f - 2*a + 196, -f = -5*a - 48. Is f composite?
True
Suppose -i + 2*c - 4 = -4*i, 0 = i + 2*c - 8. Is 19 + -2 - (i + 0) prime?
True
Suppose 3*r = r + 6. Suppose -2*f + f = 5*y + r, f + y = 1. Suppose p = -f*p + 339. Is p a composite number?
False
Let o be (-6)/8 - (-22)/8. Suppose 5*f - 170 = -2*h, -o*f = f + 3*h - 102. Is f prime?
False
Let u be 0 + -2 + 1 + 196. Let w = -77 + u. Is w prime?
False
Let s(r) = 11*r**2 - r + 2. Let b be s(2). Suppose -3*u + i = 5*i - 132, u + 4*i = b. Is u*(-1)/(2/(-1)) a composite number?
True
Let d(l) = l**3 + 2*l**2 + l - 4. Let t be d(-4). Let s = t - -59. Is s composite?
False
Let k(t) = 5*t**2 - 9*t + 25. Is k(13) prime?
False
Suppose -9 = -5*y + p, -y - 2*p = -7 + 3. Suppose -5*w + 0*x + 3*x + 1495 = 0, -598 = -2*w + y*x. Is w a composite number?
True
Let z = 0 + 15. Is (-3 + z)/4 - -370 a prime number?
True
Let j be 71 + 1/(-3)*-3. Suppose 3*v - 5*o - 15 = -2, -5*v - 5 = 5*o. Let d = j - v. Is d composite?
False
Let y be -1 + 55 - 2/(-1). Suppose -3*m + 38 = 4*b, -2*m = -9*b + 4*b - y. Is -2*3*(-78)/m composite?
True
Suppose 0 = -4*l + 8. Is 1/(l/(-2056)*-4) a prime number?
True
Let g = 528 - 365. Is g a composite number?
False
Let k(n) be the third derivative of -n**6/40 + n**5/60 + n**4/6 + n**3/2 + 3*n**2. Is k(-2) a composite number?
False
Suppose -4*s = s - 60. Suppose 2*f - s = -f. Let j = f - -45. Is j prime?
False
Let z = -500 + 879. Is z composite?
False
Suppose -1520 = 5*v + j, -5*v + 2*j = -v + 1230. Suppose -3*m = -5*w + 2649, 0 = -4*w - 5*m + 3*m + 2106. Let s = w + v. Is s prime?
True
Suppose 0 = -4*h - 0*h + 3240. Let y = -36 - -62. Is h/y - 8/52 prime?
True
Let p(t) be the second derivative of 2*t**4/3 - t**3/2 - t**2/2 + 3*t. Is p(-2) a composite number?
False
Let s be (3 - 2)/(1/(-173)). Let k = -28 - s. Let c = 240 - k. Is c composite?
True
Let g be 12/(-48) - 1490/(-8). Suppose -5*o + g = -199. Is o composite?
True
Let x = 1994 - 1236. Is x a composite number?
True
Let c = -4 + 9. Suppose y = c*y + 8. Is 1/(y/(-3))*14 a composite number?
True
Is 100870/50 - (1 + 24/(-15)) prime?
False
Is (-4)/(2 + -3) - (-5 - 182) a composite number?
False
Let w = 146 - 210. Let n = -27 - w. Is n prime?
True
Let b = 222 + -139. Is b a composite number?
False
Suppose -2*b - 3 = -2*y - 19, 4*b = -5*y - 4. Let q be (1 + y)/((-6)/4). Suppose 0*j + 4*j - q*l - 84 = 0, 5*j - 103 = 2*l. Is j a composite number?
False
Suppose 2*z + z - 21 = -3*y, z + 4*y = 16. Let o(a) be the third derivative of a**4/6 - 5*a**3/6 - 2*a**2. Is o(z) prime?
True
Let m = 40 - 28. Let w be ((-1)/(-2))/((-2)/m). Let a(l) = -31*l - 4. Is a(w) prime?
True
Let k = 10 - 7. Suppose k*s = -s + 28. Is s prime?
True
Let h(y) = -79*y**3 - y**2 + 1. Let r = 12 - 13. Is h(r) prime?
True
Suppose m = -w - 30 + 174, -2*m - w + 287 = 0. Is m a prime number?
False
Suppose 2*f - 8 = 0, -4*f = -5*c - f - 2. Suppose -c*r + 144 = 3*i, -4*i + 18 = r - 59. Is r composite?
True
Let w(v) = 346*v**2 - v + 1. Let m be w(-2). Suppose -306 = -j + 5*u, 5*j + 4*u - m = -2. Suppose -3*s + 770 = 2*i + j, -2*s - i + 325 = 0. Is s a prime number?
False
Suppose 5*t - 2019 = 2*t. Is t a prime number?
True
Let v = 379 + -122. Is v a prime number?
True
Suppose 266 - 1126 = -2*j. Suppose 9*w = 4*w + j. Let z = -51 + w. Is z a composi